-3) - 4/6. Let i = 97 + -96. Suppose -3*x + i = b - 6, 5*x - g = -3*b. What are the prime factors of x?
2
Let x(m) = -10 - 5 + 200*m**3 + 208*m**3 + 13*m**2 - 619*m**3 + 210*m**3 + 22*m. Suppose 42 = -2*b + 5*b. List the prime factors of x(b).
97
Suppose -386 - 3070 = -3*z. Suppose -o + z = 5*o. What are the prime factors of o?
2, 3
Suppose 16*v - 235*v - 94*v = -7680081. List the prime factors of v.
3, 8179
Let p(m) = -5*m - 34 + 2*m**2 + 7 + 5. Let r be p(11). Suppose -14*t = -11*t - r. List the prime factors of t.
5, 11
List the prime factors of (16*19863/63)/(8/28).
2, 2207
Suppose 2*u - 4*u = -6, -5*u = -2*j - 91. Let k be j/8 - (-12)/(-48). Let w(x) = 3*x**2 + 5*x + 5. List the prime factors of w(k).
5, 11
Let i = -3481 + 8281. List the prime factors of i.
2, 3, 5
Let u be (1*20)/((2 + 1)/(-6)). Let m = u + 52. Suppose -192 = m*h - 16*h. What are the prime factors of h?
2, 3
Suppose -14*q - 5*z - 135471 = -17*q, 3*q + 5*z = 135501. What are the prime factors of q?
2, 3, 13, 193
Let d = -42 + 45. Suppose 12 = -d*f - 3*f. List the prime factors of ((-6)/(-8))/(f/96*-2).
2, 3
Let i be 38/(-12) + (-17)/(-102) - -9. What are the prime factors of (-4 - (-4585)/(-14))*(-8)/i?
2, 13, 17
Suppose -8*v + 111 + 585 = 0. Let o be -26 - -22 - (v - 1). What are the prime factors of o/(-1)*12/30?
2, 3
Let z(r) = -7*r**2 - 632*r + 248. What are the prime factors of z(-80)?
2, 751
Suppose 34*q - 17*q = -595. List the prime factors of (-3400)/34*q/2.
2, 5, 7
Suppose -4*y + 129 + 1405 = -2*z, 3*y = 3*z + 1155. Let i = 784 - y. Suppose i = 4*d + 94. What are the prime factors of d?
7, 11
Suppose 12209 = 5*z + 4*w, -4*w - 4968 - 2383 = -3*z. What are the prime factors of ((-48)/(-40))/(2 - 4884/z)?
3, 163
Let t(p) = 453*p + 23. Let f be t(5). Suppose 2*d - 2*k - f = 0, -5*d - 2*k + k = -5714. What are the prime factors of d?
3, 127
Let g(j) = -j**3 + 41*j**2 - 36*j - 160. List the prime factors of g(27).
2, 13, 349
Suppose 129223 = -x + 9*x - 28001. List the prime factors of x.
3, 6551
Let b(d) = -d**2 - 61*d + 3706. List the prime factors of b(-91).
2, 61
Suppose -4*m + 89267 = -19*k + 24*k, -4*m + 17847 = k. What are the prime factors of k?
5, 3571
Suppose -o = 6*o + 171220 - 497126. What are the prime factors of o?
2, 23279
Let n(v) = -v**2 - 2*v + 4. Let l be n(-2). Suppose 1 = -4*r + 21, -2*r = l*o - 10. Suppose o = -4*c + 7*c - 111. What are the prime factors of c?
37
Let g be 1*(-3)/12 + (-33)/(-4). Let i be 3/(-2)*g/(-12)*3. Suppose 5*r - 163 = -i. List the prime factors of r.
2
Suppose 4*g - 47 - 37 = 0. Suppose -22 = -c + g. Suppose t = -u + 15, -4*t + c = -3*u - 31. What are the prime factors of t?
17
Suppose 0 = -0*a + 3*a - 750. Suppose -5*s + a = -2*r, -4*s + 3*r + 50 = -3*s. Let n = 139 - s. List the prime factors of n.
89
Let p be (-5)/160*-8 - 810/8. Let t = -24 - p. What are the prime factors of t?
7, 11
Let w = -96 + 6. Let n = 80 + w. List the prime factors of (-1)/5 - -1*(-1442)/n.
2, 3
Let w = 8159 - -3648. What are the prime factors of w?
11807
Suppose -2*s + 3*c - 20 = 0, -3*c + 28 + 18 = -4*s. List the prime factors of s/(-39)*(-1)/(2/(-8202)).
1367
Suppose -160702*n - 885500 = -160727*n. List the prime factors of n.
2, 5, 7, 11, 23
Let b be (-1)/6*-6*9 - 4. Suppose -4*w - 9*u + b*u = -3468, 857 = w + 3*u. What are the prime factors of w?
2, 109
Let k be 823 + 14/(-8) + 3/(-12). Let n = -475 + k. What are the prime factors of n?
2, 173
Let q be ((-6)/(-13))/(-3) - 3402/(-819). Suppose h = q*c + 1491, 1784 + 1222 = 2*h - 2*c. List the prime factors of h.
11, 137
Suppose -14*h + 58*h - 241613 = 93711. What are the prime factors of h?
7621
Let i(h) = -h**2 - 27*h - 31. Let p be i(-25). Suppose 15*o + 1764 = p*o. List the prime factors of o.
3, 7
Suppose -3598 + 170 = -3*o - 2*z, 0 = 4*o + 4*z - 4564. List the prime factors of o*((-52)/12 - -5).
2, 191
Let j = 10 - 21. Let r(k) = -11*k - 22. Let f be r(j). Suppose 4*n = f + 9. What are the prime factors of n?
3
Let n = -1707 + 3217. Let k = n + -574. List the prime factors of k.
2, 3, 13
Let r = 12218 - -2182. List the prime factors of r.
2, 3, 5
Suppose 56*p - 63*p - 56 = 0. What are the prime factors of p/(-16)*-187*(-20)/2?
5, 11, 17
Suppose 0 = 28*w - 15*w - 26. Suppose -4*y = -w*m - 88 - 586, -5*y - 3*m = -848. List the prime factors of y.
13
Suppose -2*z + 695 = -c, 3*z - 4*c + 1384 = 7*z. Let x = 703 - z. List the prime factors of x.
2, 89
Let m = 16143 - 9062. What are the prime factors of m?
73, 97
Suppose -y - 54 = -0*y - 4*m, -2*y - m = 117. Let o(p) = -p**3 + 262*p + 10. Let h be o(-16). Let a = y - h. List the prime factors of a.
2, 7
What are the prime factors of ((-1688)/5)/(-6 - 3553/(-595))?
2, 7, 211
Let t(r) = 46*r**2 - 20*r - 81. What are the prime factors of t(-4)?
3, 5, 7
Suppose 2*k = -k - v - 38, 0 = -v - 2. Let x = k + 21. What are the prime factors of x/(-3) + (-284)/(-12)*3?
2, 17
Suppose 192 + 1305 = 3*k. Suppose 6*x + 2033 + k = 0. Let j = x + 678. What are the prime factors of j?
2
Suppose 0 = -4*b - 5*m - 370 - 512, 876 = -4*b - 2*m. Let i = b + 321. Let n = 189 - i. What are the prime factors of n?
2, 43
What are the prime factors of (-27)/(-72)*8/(-12) - (-328659)/12?
2, 41, 167
List the prime factors of (-150)/20*(-32)/(-48) - -66549.
2, 4159
Let k = 489 - -186. Suppose 130 = 10*h - 0*h. Suppose 170 = h*i - k. List the prime factors of i.
5, 13
Suppose 2*j + 5 = q, -3*q - j - 5 = -4*q. Suppose -4*n = -3*w - 0*w - 1721, -3*n + q*w = -1299. What are the prime factors of n?
2, 107
Suppose 2*l - 10 = -6, 0 = 3*c - 3*l + 18. List the prime factors of ((-1 - -4) + c - -5) + 694.
2, 349
Suppose y + 2 = -2*c, -3*y = -5*c + 2 + 4. Suppose 0 = 5*d - 10 - c. Suppose 3*o + d*j - 432 = 7*j, 3*o = -4*j + 432. What are the prime factors of o?
2, 3
Let r = 41 - -24. Let f = -85 + r. List the prime factors of 369/4 - 15/f.
3, 31
Suppose 218*j - 18652 = -3828. List the prime factors of j.
2, 17
Suppose 8*w - 65036 + 14084 = 0. List the prime factors of w.
3, 11, 193
Suppose 16*w - 10*w + 34*w = 351720. What are the prime factors of w?
3, 977
Let h(v) = -v**3 + 6*v**2 - 3*v + 18. Let c be h(6). Suppose c = 5*x + 127 - 47. Let p = x + 20. List the prime factors of p.
2
What are the prime factors of (((-85760)/(-112))/(-20))/(2/(-287))?
2, 41, 67
Let z(q) = -117*q**2 - 15*q + 54. Let o be z(3). Let i = o + 2520. List the prime factors of i.
2, 3, 41
Let c(f) = -2*f**2 - 54*f - 30. Let q be c(-24). What are the prime factors of (-3284)/(-6) + (-152)/q?
2, 3, 7, 13
Let p(m) = -10 - 22 - 27*m + 0. What are the prime factors of p(-6)?
2, 5, 13
Let s be (-14)/98 + (-1296)/(-7) - -3. Suppose -195*a + s*a = -5649. List the prime factors of a.
3, 269
Let j(t) = 6*t**2 - 66*t - 817. List the prime factors of j(-80).
42863
Let f(t) = -t**3 - 11*t**2 - 10*t - 15. Suppose 51*b - 57*b - 66 = 0. What are the prime factors of f(b)?
5, 19
Suppose 2*h - 94240 = 100*c - 104*c, 3*h = -5*c + 141365. List the prime factors of h.
2, 3, 5, 1571
Suppose 32*l + 354 = -606. What are the prime factors of (l/4 + 0)*(-174328)/770?
2, 3, 283
Suppose 44704 = -5*g + 2*d + 306658, 3*d = g - 52383. List the prime factors of g.
2, 3, 37, 59
Let a(v) = 8*v**3 - 3*v**2 + 4*v + 2. Let z be a(-3). List the prime factors of 46/z - 5238/(-11).
2, 7, 17
Suppose -4*f - 15*f = -57. Suppose -h = m - 468, -f*h + 1871 = -m + 5*m. What are the prime factors of m?
467
Let p = 1646 - -331. What are the prime factors of p?
3, 659
Suppose -23*s + 6 = -3*g - 24*s, 3*s - 3 = -2*g. List the prime factors of (-225)/g*(4816/40)/7.
2, 3, 5, 43
Let c be (8/(-10))/((-6)/30). Suppose 1190 = 3*s + n, -2*s + 326 + 458 = -c*n. Suppose k + s = 5*k. What are the prime factors of k?
3, 11
Let w be (-3 + 3)/(12 + -7). Suppose -r = 4*b + 220 - 1335, -r - 1 = w. What are the prime factors of b?
3, 31
Suppose 2*q = -5*z + 120, 2*q + 2*z - 256 = -2*q. Suppose -3*i + 319 = -4*w, -q - 149 = -2*i + 4*w. Suppose 0*j - i = -3*j. List the prime factors of j.
5, 7
Let q(n) be the first derivative of -3*n**4/4 - 5*n**3/3 + n**2/2 - 14*n - 23. List the prime factors of q(-6).
2, 7
Let z(r) = -r**3 - 9*r**2 - 30*r - 66. What are the prime factors of z(-18)?
2, 3, 5, 113
Suppose -23959 = -126*l + 191058 + 1009325. What are the prime factors of l?
3, 41